e q - v = 27. What are the prime factors of q?
71
Suppose -17*d = -19*d + 78. What are the prime factors of d?
3, 13
Suppose -4*m + 12 + 32 = -3*n, 2*m - 52 = 4*n. Let w(d) = -11*d - 2. What are the prime factors of w(n)?
2, 5, 13
What are the prime factors of 4569/12 + (-4)/(-16)?
3, 127
Suppose 129*n - 80 = 127*n. What are the prime factors of n?
2, 5
Let x(t) = -51*t**3 - 2*t**2 + 2*t + 7. List the prime factors of x(-4).
3, 359
Suppose -55*x + 2 = -53*x. Let f(a) = 118*a**2 + 3*a - 2. What are the prime factors of f(x)?
7, 17
Suppose -766 = -22*t + 20*t. What are the prime factors of t?
383
Suppose 132 = 2*i + i. Suppose 0*y + 4*y = i. What are the prime factors of y?
11
List the prime factors of (122*(-1)/3)/(11/(-792)).
2, 3, 61
Suppose 5*r + 100 = -2*g, 5*r + g - 4*g = -125. Let d = 66 + r. List the prime factors of d.
2, 11
Let t = -18 - -24. Suppose -82 = -4*m - 2*c, 3*m - 75 = -3*c + t*c. List the prime factors of m.
2, 11
Suppose 3*f - 29 = 1813. List the prime factors of f.
2, 307
Suppose -3*r = q - 472, -579 = -5*r - 2*q + 206. List the prime factors of r.
3, 53
Suppose g - 4*g - 15 = 0. Let r(h) = 57*h - 5. Let k(s) = -28*s + 2. Let y(o) = g*k(o) - 2*r(o). List the prime factors of y(2).
2, 13
Let x = 253 - 236. What are the prime factors of x?
17
Suppose 0*c - 30 = -6*c. Suppose i - 2*i - 136 = -c*l, 88 = 3*l + i. List the prime factors of l.
2, 7
Let b = 2737 - 581. What are the prime factors of b?
2, 7, 11
Let t be (-6)/(-51) + (-38142)/(-51). Suppose 0 = 3*s + 8*s - t. What are the prime factors of s?
2, 17
Let t(g) = -37*g + 3. Let h be t(-1). Let m be 2/((h/275)/4). Suppose 5*j - m = -0*j. What are the prime factors of j?
11
Suppose -3*r + 12 = -0. Suppose -6*l + 4 = -r*l. Suppose -l*v + 11 + 1 = 0. What are the prime factors of v?
2, 3
Let r(v) = v**3 - 14*v**2 - 11*v + 19. Let h be r(15). Let j = 158 - h. List the prime factors of j.
79
Let o = -14 - -20. Suppose o*r - 255 = r. Suppose 5*j - 2*j - r = 0. What are the prime factors of j?
17
Let q(r) = -4*r**2 + 0 - r - r - 4 + r**3. Let l(f) = f**3 - 8*f**2 + 9*f - 9. Let x be l(7). What are the prime factors of q(x)?
11
Let d = 23 - 12. Let m = 11 - d. Suppose -5*f + f + 28 = m. List the prime factors of f.
7
Let g(j) = -7*j + 3 + 4*j**2 + 3 + j**2. Let u be g(6). Suppose u = 2*v + b, 8*b - 4*b = 0. What are the prime factors of v?
2, 3
Suppose 0 = 4*k - 8, -12*x = -7*x + 5*k - 18765. List the prime factors of x.
11, 31
Let v(x) = 2*x. Suppose -j + 28 + 2 = -2*r, -4*r = -4*j + 64. Let h(t) = -5*t. Let a(i) = r*v(i) - 6*h(i). List the prime factors of a(2).
2
Let k = 213 - 71. Suppose 24*r = 26*r - k. List the prime factors of r.
71
Suppose -62*v + 7956 = -49*v. What are the prime factors of v?
2, 3, 17
Suppose 3*i - 5434 = -2*a, 0 = -33*a + 31*a + 5*i + 5450. What are the prime factors of a?
2, 5, 17
Suppose -t + 10611 = 4*p, 6*t - 7*t = -5*p + 13257. What are the prime factors of p?
2, 3, 13, 17
Let x be -10*(-6 - (-7 + 3)). Let n = -22 + x. What are the prime factors of n/8 - (-322)/8?
2, 5
Suppose 1612 = -26*u + 13520. What are the prime factors of u?
2, 229
Let p(r) = -137*r - 21. What are the prime factors of p(-10)?
19, 71
Suppose 9*t - 4*t + 3 = 2*k, -t = -3*k + 11. Let i be (k + -5)*5/(-1). Suppose z - 3*y - 37 = 0, -i*y + 3 = 23. List the prime factors of z.
5
Suppose 6*j + 3*y - 1419 = 0, -2*y = 3*j - 438 - 271. What are the prime factors of j?
3, 79
Suppose 4*h - 4*w + 796 = -296, 0 = -2*w + 2. List the prime factors of 6*(h/(-168) + (-4)/14).
2
Let d be 7/((-21)/6) - 0. Let x be (-2 - -16)/(d + 4). Suppose 3*h + g - 17 = x, 0 = -4*g. List the prime factors of h.
2
What are the prime factors of 6 + 860 + -5 + 9?
2, 3, 5, 29
Let v be (-9)/6 + (-3609)/(-6). Suppose 2*n = -3*n + v. List the prime factors of n.
2, 3, 5
Let k = -758 + 1691. What are the prime factors of k/12 - 15/20?
7, 11
Suppose 5*l - 1282 = -4*u, -u + 6*l + 325 = 5*l. What are the prime factors of u?
17, 19
Let p(g) = -g**3 - 5*g**2 - 17*g + 21. What are the prime factors of p(-8)?
349
Let n(s) = 5 - 3 + 0 + 32*s**2 - s - 3. Let x be n(2). Let c = x + -84. What are the prime factors of c?
41
Suppose 33*y - 18*y = 17160. What are the prime factors of y?
2, 11, 13
Let v = -49 - -55. What are the prime factors of (34 - -2)*(26/v + -3)?
2, 3
Suppose 12 = 2*f + f. Suppose k - 4*d + 10 = -f, -2*d = -4*k. Suppose -k = -c + 9. What are the prime factors of c?
11
Suppose -241*p + 22104 = -232*p. List the prime factors of p.
2, 307
Let o(t) = 6*t**3 - 16*t**2 - 15*t - 24. Let z(n) = 7*n**3 - 15*n**2 - 15*n - 24. Let s(c) = 6*o(c) - 5*z(c). List the prime factors of s(22).
2, 5, 13
Let v = 979 + -393. What are the prime factors of v?
2, 293
Let n(q) = q**2 - 13*q + 5. Let s be n(11). Let a = s - 13. Let z = 18 - a. List the prime factors of z.
2, 3
What are the prime factors of -1*-20*((-729)/(-12) + -5)?
5, 223
Let i(a) = a**2 - 17*a - 16. Let u be i(18). Suppose 4*w + 5*d + 35 = 0, 3*d + 19 = -u*w - 0*d. List the prime factors of 576/10 + (-2)/w.
2, 29
Suppose 2*x = 0, 2*p + x = -3*x + 154. What are the prime factors of p?
7, 11
Let d = 87 - 84. Let k(i) = 6*i**3 - 5*i**2 + 5*i - 8. List the prime factors of k(d).
2, 31
Let x(v) = -v**3 + 14*v**2 + 2*v - 8. Let l be x(13). Suppose -5*q = -q - 2*j - 182, -3*j = -4*q + l. What are the prime factors of q?
43
Let y(k) = 32*k + 164. List the prime factors of y(15).
2, 7, 23
Suppose 0 = -4*l - 1 + 21. Suppose -o - 15 = l. What are the prime factors of o/(-12)*(11 + -2)?
3, 5
Let s = 56 + -48. Let q(v) = v**2 + 2*v + 4. What are the prime factors of q(s)?
2, 3, 7
Suppose 0 = 11*h - 1079 - 901. Suppose -21*y + 18*y = -h. What are the prime factors of y?
2, 3, 5
What are the prime factors of (-2)/16 - (-91425)/200?
457
Suppose 8*v - 11*v = -4170. List the prime factors of v.
2, 5, 139
Let o be -2 - ((-3 - -2) + -1). Suppose 2*u = 3*u - 2*d, o = 5*u - d - 18. Suppose -70 = -u*h + 38. What are the prime factors of h?
3
Suppose -j - 22 = -3*j. Suppose 0 = j*m - 1316 - 1335. List the prime factors of m.
241
Let i(j) = 2*j**2 - 2*j - 3. Let r be i(3). Suppose q = -4 + r. Let s = 8 - q. List the prime factors of s.
3
Let o(l) = 3 - l**2 - 2*l**2 + 4*l**2 + 6*l. Let q be o(-6). List the prime factors of 1 - (q/(-3) + -34).
2, 3
Let y = 243 + -97. Suppose -1119 + y = -7*w. What are the prime factors of w?
139
Let c(l) be the second derivative of -5*l**3/2 + 3*l**2/2 - 14*l. List the prime factors of c(-4).
3, 7
Suppose 3*v + 139 = 2*w + 802, -v = 5*w - 221. List the prime factors of v.
13, 17
Let s(u) = 22*u**2 + 15*u + 88. What are the prime factors of s(-11)?
5, 11, 47
Suppose -t - 24341 = -5*v, 2*v + 3*t = 7493 + 2257. List the prime factors of v.
3, 541
What are the prime factors of 1878*(1/2)/1?
3, 313
Let j = -15 + 19. Let n be 7*4/16*j. Suppose -2*p = -x, -n*p + 6 = x - 3*p. List the prime factors of x.
2
Suppose 2*g - 5*h - 10 = 9, -5*g - h = -34. Let r(u) = -u**3 + 7*u**2 + 10. What are the prime factors of r(g)?
2, 5
Let r(q) = -q**3 - 7*q**2 - 5*q + 2. Let b be r(-7). Suppose -2*o - 5*y + b = 0, -y - y + 4 = -o. List the prime factors of o.
2, 3
Suppose 0 = q - 2*q + 2. Suppose -2*b - 343 = -5*b - 2*x, q*x = 4*b - 448. Suppose 5*d + 3*z - 136 = 0, -z + b = 4*d - 0*d. What are the prime factors of d?
29
Suppose 45*o - 21193 = 10172. What are the prime factors of o?
17, 41
Let f = 47 - 34. Let i be 8/(-24) + f/3. Suppose 0 = -i*l + 60. What are the prime factors of l?
3, 5
Suppose 2012 = 3*p + 5*w, -2*w = -3*p - 0*w + 2005. List the prime factors of p.
3, 223
Let y(n) = -n**3 - 8*n**2 - 3*n - 9. Let s be y(-6). Suppose 0 = -3*q - 0*q - 264. Let f = s - q. What are the prime factors of f?
5
Let n(d) = d**3 + 8*d**2 - 17*d - 1. Let k be 12/(-4) + 0 - 5. What are the prime factors of n(k)?
3, 5
Suppose 425 = d + 4*j, 5*d + 5*j = 327 + 1738. What are the prime factors of d?
409
Suppose 2*v + 5*u + 14 = 5*v, -u + 26 = 3*v. Suppose 0 = 2*k + v - 6. List the prime factors of (k + 76)*(-1)/(-3).
5
Suppose 55*k + 204975 = 100*k. What are the prime factors of k?
5, 911
Let r(y) = -y**3 - 2*y**2 + 12*y + 43. What are the prime factors of r(-5)?
2, 29
Let t be 6/4*8/3. List the prime factors of 0 + ((-16)/t - -15).
11
Suppose 9*q - 355 = -2*o + 4*q, 3*o + 5*q = 520. Let